 divisor of o and 48?
16
Let z = 139 - 88. Calculate the highest common factor of z and 17.
17
Suppose -68 - 13 = -3*s. Calculate the greatest common factor of 63 and s.
9
Let u(b) = 2*b - 2. Let h be u(2). Suppose h*r - 24 = -r. Calculate the greatest common divisor of 56 and r.
8
Suppose 4*f - 76 = 4*a + 44, -2*f + 55 = 3*a. What is the greatest common factor of f and 87?
29
Let c = 33 + -15. Calculate the greatest common divisor of 9 and c.
9
Let g = 394 + -34. What is the highest common factor of g and 30?
30
Suppose 2*t + 48 = g + 5*t, -4*t - 13 = -g. Calculate the highest common factor of 3 and g.
3
Let d(b) = -11*b**3 - 2*b**2 + 1. Let a be d(-1). Calculate the highest common factor of 90 and a.
10
Let l be 10/45 + 34/9. Suppose -4*r - l = -6*r. Calculate the highest common divisor of 10 and r.
2
Let o = 24 + -3. Suppose 20 = 5*j - 2*c - 17, 4*j = 2*c + 30. Calculate the greatest common factor of o and j.
7
Suppose -4*r + r + 57 = 0. What is the highest common factor of r and 209?
19
Let w = 15 + -1. What is the greatest common divisor of 126 and w?
14
Suppose 5*k = -4*q - 27, 6 = -5*k + 6*k - 3*q. Let p = 1 - k. Suppose j + 4*j - 10 = 0. What is the greatest common factor of j and p?
2
Suppose 20 = 2*s - 0*s. Suppose -s*p = -11*p + 18. Calculate the greatest common factor of 36 and p.
18
Suppose 3*o - 21 = 7*f - 2*f, 2*f + 12 = 3*o. Suppose 4*r - 13 = b + 10, o = r + b. Calculate the highest common factor of r and 25.
5
Let f = 2 + 2. Suppose -f*c = -16, 0*c = -v - c + 13. Calculate the greatest common divisor of v and 99.
9
Let s = -668 + 1064. What is the greatest common divisor of 36 and s?
36
Let c be (-2)/(-8) + (-479)/4*-1. Calculate the greatest common factor of c and 15.
15
Let q = -6 + 13. Calculate the greatest common factor of 1 and q.
1
Let d(s) = s**2 - 8*s + 10. Suppose 3 = f - x, -3*f + 4*x + 4 = -0*x. Let i be d(f). What is the greatest common factor of i and 90?
10
Suppose 7*o + l = 2*o + 253, 5*o + 4*l - 247 = 0. Calculate the greatest common divisor of o and 459.
51
Suppose -2*m = 5*w - 8, 3*m = 5*w - 2*m - 15. Let b be ((-2)/4)/((-2)/12). Calculate the highest common divisor of b and w.
1
Suppose -5*v = 10, -3*v = -5*h - 0*v + 106. Suppose -2*c = a - 5, -4*c + 2*a + 25 = -a. What is the greatest common factor of h and c?
4
Suppose 95 = 3*j - 2*t - 3*t, j + t = 29. Suppose -76 = -3*i + 4*g, 2*i - 2*g + 0*g - 48 = 0. Calculate the greatest common divisor of i and j.
10
Let z(n) = -n**2 - 7*n + 2. Let l be z(-7). What is the highest common factor of 6 and l?
2
Let p be -3*5/(15/(-2)). Calculate the highest common factor of p and 2.
2
Let p be (-5 - -1)/(5 + 48/(-9)). What is the highest common factor of 300 and p?
12
Let w(o) = 4*o + 94. Let f be w(8). Suppose 2*h - 2*l - 28 = 2*l, -5*l + 28 = h. Calculate the highest common divisor of f and h.
18
Suppose 3*x + 10 = 55. Calculate the greatest common divisor of 5 and x.
5
Let s = -2 + 14. Suppose 4*k = 2*k + 320. Let z = -28 + k. Calculate the greatest common divisor of s and z.
12
Let k be 1/2 + (-465)/(-10). Let n be k - 8/12*3. Calculate the greatest common divisor of 15 and n.
15
Let u = -2 - 0. Let h = 0 - u. Suppose 0 = -v + h*v - 15. What is the greatest common divisor of 15 and v?
15
Let o(f) = 17*f + 2 - 24*f - 4*f**2 + 6*f**2. Let n be o(6). Calculate the highest common factor of 80 and n.
16
Let s be (7 + 3)*(-4)/(-10). Calculate the greatest common factor of 116 and s.
4
Let m(k) = 5*k**2 - 3*k - 5. Suppose 4*n - 15 = -p, 4*n = 5*p - n + 50. Let d be m(p). What is the highest common divisor of d and 15?
15
Let z = 95 + -56. What is the greatest common divisor of z and 26?
13
Let z be ((-4)/5)/(6/(-15)). Suppose z*q - 435 + 83 = 0. What is the greatest common divisor of q and 16?
16
Let j = -46 - -123. What is the highest common factor of j and 14?
7
Let n be (315/(-14))/((-1)/2). Let k be -2*(-30)/4 - 0. Let x be ((-36)/(-10))/(3/k). Calculate the greatest common divisor of x and n.
9
Let r be 224/10 + (-10)/25. Let b be -1 - 12/(-1*4). Calculate the highest common factor of r and b.
2
Let k = 100 - 81. Let l = 58 + 18. What is the highest common divisor of l and k?
19
Let b be 44/10 - 21/(-35). Suppose -4*m + 5*m + f = 114, -2*m + b*f + 200 = 0. What is the greatest common factor of m and 22?
22
Let w be 3/(-9) - (-624)/9. Calculate the highest common divisor of 3 and w.
3
Let g(a) = a**2 - 11*a + 16. Let h be g(11). Suppose 17 = 3*z - h. Calculate the highest common divisor of 11 and z.
11
Suppose 0*u = -10*u + 180. What is the greatest common divisor of u and 27?
9
Let f(y) = 23*y**2 + 2*y + 2. Let w be f(-2). Suppose 4*a - 9*a = -w. Calculate the greatest common factor of 198 and a.
18
Let s(x) = 10*x**3 - 2*x - 1. Let p be s(-1). Let b = -1 + p. Let n = b - -19. Calculate the highest common factor of 6 and n.
3
Suppose 2*a + 16 - 3 = n, -a = 4*n - 7. Let h be (2/5)/(n/45). What is the highest common factor of 30 and h?
6
Suppose -4*h = -2 - 2. Suppose 0 = -0*b + 3*b - 6. Suppose -5*c = 4*v - 46, -b*v + c + 13 = -3. What is the greatest common divisor of h and v?
1
Let u be (-1)/(212/72 - 3). What is the greatest common divisor of 162 and u?
18
Let u = 9 - -11. Calculate the highest common factor of 10 and u.
10
Let x(c) = 2*c**2 + c + 1. Let g be x(3). Suppose 2*o = -o - 5*h + 42, 3*h - 36 = -3*o. Let z be (15/o - 0)*33. What is the highest common divisor of z and g?
11
Let b(m) = m**3 + 17*m**2 - 4*m + 31. Let z be b(-17). What is the highest common divisor of z and 11?
11
Let i be ((-4)/(-1))/(-4 + 5). Let w = 7 + -3. Calculate the greatest common divisor of w and i.
4
Let y = 125 - 38. Calculate the greatest common factor of y and 29.
29
Let y(n) = -2*n - 4. Let g be y(-14). What is the greatest common factor of g and 24?
24
Let m be 39/12 + 2/(-8). Suppose -z + 2*z = -m. Let n(l) = 7*l**2 + 4*l + 4. Let w be n(z). Calculate the highest common factor of w and 22.
11
Suppose 0 = -0*y - 2*y + c + 20, 44 = 4*y - 3*c. Let f = 6 - 2. What is the highest common divisor of y and f?
4
Suppose 140 = -3*n + 8*n. Let m = -33 - -104. Let x be -1*(-1 - -2) + m. Calculate the highest common factor of n and x.
14
Suppose 4*i - 7 = 1. Let p be (2 + -3)/(2/(-32)). What is the greatest common factor of i and p?
2
Let z(h) = -11*h + 6. Let f be z(-6). Suppose 3*w - 35 = 3*v + 4, -v + 35 = 5*w. What is the highest common divisor of w and f?
8
Let x = 14 - -31. Calculate the greatest common divisor of x and 5.
5
Suppose 3*u - 105 = -2*u. Let w = 2 + -13. Let r = -8 - w. Calculate the highest common divisor of u and r.
3
Let t = -33 + 81. Calculate the highest common divisor of 12 and t.
12
Let s be 10/(2 + 12/(-8)). Calculate the greatest common factor of 20 and s.
20
Let o = 10 + -1. Let v be 2/(-9) + 101/o. What is the highest common factor of 33 and v?
11
Let k be 380/7 - (-2)/(-7). Calculate the greatest common factor of k and 18.
18
Suppose -l + 0 = -2. Suppose l*z = z + 110. Suppose 0 = 5*k - 0*k - z. What is the highest common factor of k and 33?
11
Suppose -99 = 2*t + t. Let h = 55 + t. What is the greatest common divisor of h and 2?
2
Let l(h) = 48*h**3 - 1. Let w be l(1). Suppose -5*c = 2 - w. Let v be (-6)/(c/(-3)) - -13. Calculate the greatest common divisor of v and 5.
5
Suppose 4*d + 0*d = w + 111, d - 25 = 3*w. Calculate the greatest common factor of 84 and d.
28
Suppose -2*f + 500 = 3*f. Let t be 4/(-1 - 66/(-60)). Calculate the highest common factor of f and t.
20
Suppose 2*d + 5*x + 5 = 0, 5*x + 0 + 15 = 0. Suppose 2*r + 5*u = -2*r + 105, 0 = 5*r + 2*u - 110. Calculate the greatest common divisor of r and d.
5
Let o be 4/5*(-250)/(-20). Suppose 2*p - 6 = o. What is the highest common factor of p and 1?
1
Suppose -5 = 5*u - 70. Calculate the highest common factor of 52 and u.
13
Let n(t) = -30*t**2 + t. Let i(b) = 89*b**2 - 3*b. Let o(h) = 6*i(h) + 17*n(h). Let j be o(-1). What is the highest common divisor of 5 and j?
5
Let n = -147 - -273. Suppose -2*k + 7*k - 65 = 0. Suppose 0 = 2*g - k - 15. What is the greatest common divisor of g and n?
14
Let u(t) = 3*t**2 - 4*t - 10. Let p be u(-7). What is the highest common factor of 15 and p?
15
Suppose 2*z - 4*v - 54 = 2, 12 = -4*v. Let r = z - 5. Calculate the greatest common factor of 119 and r.
17
Let